
{"id":80,"date":"2020-03-03T16:32:51","date_gmt":"2020-03-03T15:32:51","guid":{"rendered":"https:\/\/blog.proclima.com\/suisse\/?page_id=80"},"modified":"2022-10-06T13:22:59","modified_gmt":"2022-10-06T11:22:59","slug":"a-propos-de-ce-blog-redaction","status":"publish","type":"page","link":"https:\/\/blog.proclima.com\/suisse\/a-propos-de-ce-blog-redaction\/","title":{"rendered":"A propos de ce blog \/ R\u00e9daction"},"content":{"rendered":"\n<div class=\"wp-block-columns is-layout-flex wp-container-core-columns-is-layout-9d6595d7 wp-block-columns-is-layout-flex\">\n<div class=\"wp-block-column is-layout-flow wp-block-column-is-layout-flow\" style=\"flex-basis:33.33%\">\n<div style=\"height:50px\" aria-hidden=\"true\" class=\"wp-block-spacer\"><\/div>\n\n\n\n<figure class=\"wp-block-image size-large\"><img loading=\"lazy\" decoding=\"async\" width=\"961\" height=\"1024\" data-size=\"2644x2816\" src=\"https:\/\/blog.proclima.com\/suisse\/files\/2022\/10\/Service_Icons_Buch-961x1024.png\" alt=\"\" class=\"wp-image-276\" srcset=\"https:\/\/blog.proclima.com\/suisse\/files\/2022\/10\/Service_Icons_Buch-961x1024.png 961w, https:\/\/blog.proclima.com\/suisse\/files\/2022\/10\/Service_Icons_Buch-282x300.png 282w, https:\/\/blog.proclima.com\/suisse\/files\/2022\/10\/Service_Icons_Buch-768x818.png 768w, https:\/\/blog.proclima.com\/suisse\/files\/2022\/10\/Service_Icons_Buch-1442x1536.png 1442w, https:\/\/blog.proclima.com\/suisse\/files\/2022\/10\/Service_Icons_Buch-1923x2048.png 1923w, https:\/\/blog.proclima.com\/suisse\/files\/2022\/10\/Service_Icons_Buch-361x384.png 361w\" sizes=\"auto, (max-width: 961px) 100vw, 961px\" \/><\/figure>\n<\/div>\n\n\n\n<div class=\"wp-block-column is-layout-flow wp-block-column-is-layout-flow\" style=\"flex-basis:66.66%\">\n<div style=\"height:50px\" aria-hidden=\"true\" class=\"wp-block-spacer\"><\/div>\n\n\n\n<p>Construire et r\u00e9nover sont des activit\u00e9s plaisantes, surtout sans d\u00e9g\u00e2ts au b\u00e2timent. En th\u00e9orie, la plupart savent comment faire. Mais dans la pratique, c\u2019est une tout autre affaire. Particuli\u00e8rement dans la r\u00e9novation, o\u00f9 chaque chantier est souvent un d\u00e9fi.  Dans ce blog de pro clima Suisse, nous vous informons sur de nouvelles solutions en mati\u00e8re d\u2019\u00e9tanch\u00e9it\u00e9 \u00e0 l\u2019air \u00e0 l\u2019int\u00e9rieur et d\u2019\u00e9tanch\u00e9it\u00e9 au vent \u00e0 l\u2019ext\u00e9rieur. En outre, nous publions des articles sp\u00e9cialis\u00e9s actuels et des conseils issus de la pratique.<\/p>\n\n\n\n<p>En g\u00e9n\u00e9ral, c&rsquo;est Friederike Remiorz qui s&rsquo;occupe de la r\u00e9daction et des contributions du blog. Pour toute question ou remarque, vous pouvez la contacter \u00e0 l&rsquo;adresse \u00e9lectronique suivante: friederike.remiorz@proclima.ch<\/p>\n<\/div>\n<\/div>\n\n\n\n<div class=\"wp-block-columns is-layout-flex wp-container-core-columns-is-layout-9d6595d7 wp-block-columns-is-layout-flex\">\n<div class=\"wp-block-column is-layout-flow wp-block-column-is-layout-flow\"><\/div>\n<\/div>\n\n\n\n<div class=\"wp-block-group\"><div class=\"wp-block-group__inner-container is-layout-flow wp-block-group-is-layout-flow\"><\/div><\/div>\n\n\n\n<p><\/p>\n","protected":false},"excerpt":{"rendered":"<p>Construire et r\u00e9nover sont des activit\u00e9s plaisantes, surtout sans d\u00e9g\u00e2ts au b\u00e2timent. En th\u00e9orie, la plupart savent comment faire. Mais dans la pratique, c\u2019est une <a href=\"https:\/\/blog.proclima.com\/suisse\/a-propos-de-ce-blog-redaction\/\" rel=\"bookmark\">&#8230;<\/a><\/p>\n","protected":false},"author":18,"featured_media":82,"parent":0,"menu_order":0,"comment_status":"closed","ping_status":"closed","template":"","meta":{"footnotes":""},"class_list":["post-80","page","type-page","status-publish","has-post-thumbnail","hentry"],"yoast_head":"<!-- This site is optimized with the Yoast SEO plugin v27.5 - https:\/\/yoast.com\/product\/yoast-seo-wordpress\/ -->\n<title>A propos de ce blog \/ R\u00e9daction - blog pro clima Suisse<\/title>\n<meta name=\"robots\" content=\"index, follow, max-snippet:-1, max-image-preview:large, max-video-preview:-1\" \/>\n<link rel=\"canonical\" href=\"https:\/\/blog.proclima.com\/suisse\/a-propos-de-ce-blog-redaction\/\" \/>\n<meta property=\"og:locale\" content=\"fr_FR\" \/>\n<meta property=\"og:type\" content=\"article\" \/>\n<meta property=\"og:title\" content=\"A propos de ce blog \/ R\u00e9daction - blog pro clima Suisse\" \/>\n<meta property=\"og:description\" content=\"Construire et r\u00e9nover sont des activit\u00e9s plaisantes, surtout sans d\u00e9g\u00e2ts au b\u00e2timent. En th\u00e9orie, la plupart savent comment faire. Mais dans la pratique, c\u2019est une ...\" \/>\n<meta property=\"og:url\" content=\"https:\/\/blog.proclima.com\/suisse\/a-propos-de-ce-blog-redaction\/\" \/>\n<meta property=\"og:site_name\" content=\"blog pro clima Suisse\" \/>\n<meta property=\"article:modified_time\" content=\"2022-10-06T11:22:59+00:00\" \/>\n<meta property=\"og:image\" content=\"https:\/\/blog.proclima.com\/suisse\/files\/2020\/03\/Bildschirmfoto-2020-03-03-um-16.29.20.png\" \/>\n\t<meta property=\"og:image:width\" content=\"1037\" \/>\n\t<meta property=\"og:image:height\" content=\"421\" \/>\n\t<meta property=\"og:image:type\" content=\"image\/png\" \/>\n<meta name=\"twitter:card\" content=\"summary_large_image\" \/>\n<meta name=\"twitter:label1\" content=\"Dur\u00e9e de lecture estim\u00e9e\" \/>\n\t<meta name=\"twitter:data1\" content=\"1 minute\" \/>\n<script type=\"application\/ld+json\" class=\"yoast-schema-graph\">{\"@context\":\"https:\\\/\\\/schema.org\",\"@graph\":[{\"@type\":\"WebPage\",\"@id\":\"https:\\\/\\\/blog.proclima.com\\\/suisse\\\/a-propos-de-ce-blog-redaction\\\/\",\"url\":\"https:\\\/\\\/blog.proclima.com\\\/suisse\\\/a-propos-de-ce-blog-redaction\\\/\",\"name\":\"A propos de ce blog \\\/ R\u00e9daction - blog pro clima Suisse\",\"isPartOf\":{\"@id\":\"https:\\\/\\\/blog.proclima.com\\\/suisse\\\/#website\"},\"primaryImageOfPage\":{\"@id\":\"https:\\\/\\\/blog.proclima.com\\\/suisse\\\/a-propos-de-ce-blog-redaction\\\/#primaryimage\"},\"image\":{\"@id\":\"https:\\\/\\\/blog.proclima.com\\\/suisse\\\/a-propos-de-ce-blog-redaction\\\/#primaryimage\"},\"thumbnailUrl\":\"https:\\\/\\\/blog.proclima.com\\\/suisse\\\/files\\\/2020\\\/03\\\/Bildschirmfoto-2020-03-03-um-16.29.20.png\",\"datePublished\":\"2020-03-03T15:32:51+00:00\",\"dateModified\":\"2022-10-06T11:22:59+00:00\",\"breadcrumb\":{\"@id\":\"https:\\\/\\\/blog.proclima.com\\\/suisse\\\/a-propos-de-ce-blog-redaction\\\/#breadcrumb\"},\"inLanguage\":\"fr-FR\",\"potentialAction\":[{\"@type\":\"ReadAction\",\"target\":[\"https:\\\/\\\/blog.proclima.com\\\/suisse\\\/a-propos-de-ce-blog-redaction\\\/\"]}]},{\"@type\":\"ImageObject\",\"inLanguage\":\"fr-FR\",\"@id\":\"https:\\\/\\\/blog.proclima.com\\\/suisse\\\/a-propos-de-ce-blog-redaction\\\/#primaryimage\",\"url\":\"https:\\\/\\\/blog.proclima.com\\\/suisse\\\/files\\\/2020\\\/03\\\/Bildschirmfoto-2020-03-03-um-16.29.20.png\",\"contentUrl\":\"https:\\\/\\\/blog.proclima.com\\\/suisse\\\/files\\\/2020\\\/03\\\/Bildschirmfoto-2020-03-03-um-16.29.20.png\",\"width\":1037,\"height\":421},{\"@type\":\"BreadcrumbList\",\"@id\":\"https:\\\/\\\/blog.proclima.com\\\/suisse\\\/a-propos-de-ce-blog-redaction\\\/#breadcrumb\",\"itemListElement\":[{\"@type\":\"ListItem\",\"position\":1,\"name\":\"Start\",\"item\":\"https:\\\/\\\/blog.proclima.com\\\/suisse\\\/\"},{\"@type\":\"ListItem\",\"position\":2,\"name\":\"A propos de ce blog \\\/ R\u00e9daction\"}]},{\"@type\":\"WebSite\",\"@id\":\"https:\\\/\\\/blog.proclima.com\\\/suisse\\\/#website\",\"url\":\"https:\\\/\\\/blog.proclima.com\\\/suisse\\\/\",\"name\":\"blog pro clima Suisse\",\"description\":\"Des solutions fiables pour l\u2019\u00e9tanch\u00e9it\u00e9 du b\u00e2timent\",\"publisher\":{\"@id\":\"https:\\\/\\\/blog.proclima.com\\\/suisse\\\/#organization\"},\"potentialAction\":[{\"@type\":\"SearchAction\",\"target\":{\"@type\":\"EntryPoint\",\"urlTemplate\":\"https:\\\/\\\/blog.proclima.com\\\/suisse\\\/?s={search_term_string}\"},\"query-input\":{\"@type\":\"PropertyValueSpecification\",\"valueRequired\":true,\"valueName\":\"search_term_string\"}}],\"inLanguage\":\"fr-FR\"},{\"@type\":\"Organization\",\"@id\":\"https:\\\/\\\/blog.proclima.com\\\/suisse\\\/#organization\",\"name\":\"blog pro clima Suisse\",\"url\":\"https:\\\/\\\/blog.proclima.com\\\/suisse\\\/\",\"logo\":{\"@type\":\"ImageObject\",\"inLanguage\":\"fr-FR\",\"@id\":\"https:\\\/\\\/blog.proclima.com\\\/suisse\\\/#\\\/schema\\\/logo\\\/image\\\/\",\"url\":\"https:\\\/\\\/blog.proclima.com\\\/suisse\\\/files\\\/2025\\\/12\\\/logo_proclima_quadrat.png\",\"contentUrl\":\"https:\\\/\\\/blog.proclima.com\\\/suisse\\\/files\\\/2025\\\/12\\\/logo_proclima_quadrat.png\",\"width\":1200,\"height\":1200,\"caption\":\"blog pro clima Suisse\"},\"image\":{\"@id\":\"https:\\\/\\\/blog.proclima.com\\\/suisse\\\/#\\\/schema\\\/logo\\\/image\\\/\"}}]}<\/script>\n<!-- \/ Yoast SEO plugin. -->","yoast_head_json":{"title":"A propos de ce blog \/ R\u00e9daction - blog pro clima Suisse","robots":{"index":"index","follow":"follow","max-snippet":"max-snippet:-1","max-image-preview":"max-image-preview:large","max-video-preview":"max-video-preview:-1"},"canonical":"https:\/\/blog.proclima.com\/suisse\/a-propos-de-ce-blog-redaction\/","og_locale":"fr_FR","og_type":"article","og_title":"A propos de ce blog \/ R\u00e9daction - blog pro clima Suisse","og_description":"Construire et r\u00e9nover sont des activit\u00e9s plaisantes, surtout sans d\u00e9g\u00e2ts au b\u00e2timent. En th\u00e9orie, la plupart savent comment faire. Mais dans la pratique, c\u2019est une ...","og_url":"https:\/\/blog.proclima.com\/suisse\/a-propos-de-ce-blog-redaction\/","og_site_name":"blog pro clima Suisse","article_modified_time":"2022-10-06T11:22:59+00:00","og_image":[{"width":1037,"height":421,"url":"https:\/\/blog.proclima.com\/suisse\/files\/2020\/03\/Bildschirmfoto-2020-03-03-um-16.29.20.png","type":"image\/png"}],"twitter_card":"summary_large_image","twitter_misc":{"Dur\u00e9e de lecture estim\u00e9e":"1 minute"},"schema":{"@context":"https:\/\/schema.org","@graph":[{"@type":"WebPage","@id":"https:\/\/blog.proclima.com\/suisse\/a-propos-de-ce-blog-redaction\/","url":"https:\/\/blog.proclima.com\/suisse\/a-propos-de-ce-blog-redaction\/","name":"A propos de ce blog \/ R\u00e9daction - blog pro clima Suisse","isPartOf":{"@id":"https:\/\/blog.proclima.com\/suisse\/#website"},"primaryImageOfPage":{"@id":"https:\/\/blog.proclima.com\/suisse\/a-propos-de-ce-blog-redaction\/#primaryimage"},"image":{"@id":"https:\/\/blog.proclima.com\/suisse\/a-propos-de-ce-blog-redaction\/#primaryimage"},"thumbnailUrl":"https:\/\/blog.proclima.com\/suisse\/files\/2020\/03\/Bildschirmfoto-2020-03-03-um-16.29.20.png","datePublished":"2020-03-03T15:32:51+00:00","dateModified":"2022-10-06T11:22:59+00:00","breadcrumb":{"@id":"https:\/\/blog.proclima.com\/suisse\/a-propos-de-ce-blog-redaction\/#breadcrumb"},"inLanguage":"fr-FR","potentialAction":[{"@type":"ReadAction","target":["https:\/\/blog.proclima.com\/suisse\/a-propos-de-ce-blog-redaction\/"]}]},{"@type":"ImageObject","inLanguage":"fr-FR","@id":"https:\/\/blog.proclima.com\/suisse\/a-propos-de-ce-blog-redaction\/#primaryimage","url":"https:\/\/blog.proclima.com\/suisse\/files\/2020\/03\/Bildschirmfoto-2020-03-03-um-16.29.20.png","contentUrl":"https:\/\/blog.proclima.com\/suisse\/files\/2020\/03\/Bildschirmfoto-2020-03-03-um-16.29.20.png","width":1037,"height":421},{"@type":"BreadcrumbList","@id":"https:\/\/blog.proclima.com\/suisse\/a-propos-de-ce-blog-redaction\/#breadcrumb","itemListElement":[{"@type":"ListItem","position":1,"name":"Start","item":"https:\/\/blog.proclima.com\/suisse\/"},{"@type":"ListItem","position":2,"name":"A propos de ce blog \/ R\u00e9daction"}]},{"@type":"WebSite","@id":"https:\/\/blog.proclima.com\/suisse\/#website","url":"https:\/\/blog.proclima.com\/suisse\/","name":"blog pro clima Suisse","description":"Des solutions fiables pour l\u2019\u00e9tanch\u00e9it\u00e9 du b\u00e2timent","publisher":{"@id":"https:\/\/blog.proclima.com\/suisse\/#organization"},"potentialAction":[{"@type":"SearchAction","target":{"@type":"EntryPoint","urlTemplate":"https:\/\/blog.proclima.com\/suisse\/?s={search_term_string}"},"query-input":{"@type":"PropertyValueSpecification","valueRequired":true,"valueName":"search_term_string"}}],"inLanguage":"fr-FR"},{"@type":"Organization","@id":"https:\/\/blog.proclima.com\/suisse\/#organization","name":"blog pro clima Suisse","url":"https:\/\/blog.proclima.com\/suisse\/","logo":{"@type":"ImageObject","inLanguage":"fr-FR","@id":"https:\/\/blog.proclima.com\/suisse\/#\/schema\/logo\/image\/","url":"https:\/\/blog.proclima.com\/suisse\/files\/2025\/12\/logo_proclima_quadrat.png","contentUrl":"https:\/\/blog.proclima.com\/suisse\/files\/2025\/12\/logo_proclima_quadrat.png","width":1200,"height":1200,"caption":"blog pro clima Suisse"},"image":{"@id":"https:\/\/blog.proclima.com\/suisse\/#\/schema\/logo\/image\/"}}]}},"_links":{"self":[{"href":"https:\/\/blog.proclima.com\/suisse\/wp-json\/wp\/v2\/pages\/80","targetHints":{"allow":["GET"]}}],"collection":[{"href":"https:\/\/blog.proclima.com\/suisse\/wp-json\/wp\/v2\/pages"}],"about":[{"href":"https:\/\/blog.proclima.com\/suisse\/wp-json\/wp\/v2\/types\/page"}],"author":[{"embeddable":true,"href":"https:\/\/blog.proclima.com\/suisse\/wp-json\/wp\/v2\/users\/18"}],"replies":[{"embeddable":true,"href":"https:\/\/blog.proclima.com\/suisse\/wp-json\/wp\/v2\/comments?post=80"}],"version-history":[{"count":4,"href":"https:\/\/blog.proclima.com\/suisse\/wp-json\/wp\/v2\/pages\/80\/revisions"}],"predecessor-version":[{"id":281,"href":"https:\/\/blog.proclima.com\/suisse\/wp-json\/wp\/v2\/pages\/80\/revisions\/281"}],"wp:featuredmedia":[{"embeddable":true,"href":"https:\/\/blog.proclima.com\/suisse\/wp-json\/wp\/v2\/media\/82"}],"wp:attachment":[{"href":"https:\/\/blog.proclima.com\/suisse\/wp-json\/wp\/v2\/media?parent=80"}],"curies":[{"name":"wp","href":"https:\/\/api.w.org\/{rel}","templated":true}]}}